-10101101 (base 2) to base 16
-ad
What is 1 (base 15) in base 14?
1
-2 (base 15) to base 4
-2
12 (base 7) to base 12
9
What is -7 (base 13) in base 9?
-7
Convert 2320 (base 5) to base 6.
1315
What is 3 (base 11) in base 15?
3
What is 52 (base 7) in base 11?
34
What is b (base 15) in base 6?
15
-63 (base 10) to base 7
-120
What is 7 (base 14) in base 4?
13
Convert 0 (base 9) to base 6.
0
What is 11 (base 6) in base 5?
12
What is 23 (base 8) in base 4?
103
-5 (base 12) to base 4
-11
Convert -43 (base 13) to base 8.
-67
Convert -22 (base 6) to base 14.
-10
-10 (base 3) to base 8
-3
Convert -1 (base 2) to base 12.
-1
e3 (base 16) to base 12
16b
What is 123 (base 7) in base 13?
51
Convert 1011001 (base 2) to base 7.
155
Convert -10 (base 11) to base 15.
-b
-201 (base 5) to base 8
-63
Convert 1 (base 16) to base 8.
1
What is 1 (base 7) in base 12?
1
What is 110 (base 2) in base 7?
6
-7 (base 11) to base 9
-7
Convert -5 (base 8) to base 14.
-5
0 (base 12) to base 15
0
Convert 1001011 (base 2) to base 6.
203
-1 (base 9) to base 2
-1
Convert -441 (base 5) to base 15.
-81
112 (base 4) to base 16
16
Convert -130 (base 4) to base 13.
-22
Convert 9 (base 14) to base 11.
9
-268 (base 11) to base 13
-1b4
What is 100111 (base 2) in base 16?
27
Convert 1413 (base 5) to base 14.
129
-4 (base 5) to base 3
-11
-10111 (base 3) to base 5
-334
-2a (base 12) to base 14
-26
Convert 26 (base 9) to base 12.
20
Convert 7 (base 10) to base 12.
7
-2 (base 3) to base 12
-2
-10 (base 2) to base 6
-2
Convert -101001 (base 2) to base 13.
-32
Convert -46 (base 16) to base 15.
-4a
Convert 0 (base 8) to base 10.
0
10001011 (base 2) to base 14
9d
Convert 221 (base 3) to base 8.
31
-5 (base 14) to base 11
-5
Convert -1101 (base 3) to base 7.
-52
Convert 10 (base 14) to base 3.
112
Convert -39 (base 14) to base 16.
-33
Convert -4 (base 13) to base 10.
-4
23 (base 11) to base 6
41
-321 (base 4) to base 12
-49
-1 (base 15) to base 8
-1
1 (base 9) to base 16
1
46 (base 16) to base 6
154
-4 (base 7) to base 5
-4
What is -3 (base 7) in base 13?
-3
What is 5 (base 13) in base 11?
5
-10 (base 2) to base 4
-2
What is 5 (base 6) in base 16?
5
412 (base 8) to base 7
530
Convert -1122 (base 4) to base 16.
-5a
Convert 132 (base 6) to base 11.
51
Convert -2 (base 15) to base 10.
-2
Convert -3 (base 5) to base 14.
-3
Convert 20 (base 5) to base 2.
1010
What is 1 (base 3) in base 7?
1
-33 (base 11) to base 9
-40
Convert 2 (base 9) to base 3.
2
Convert -132 (base 5) to base 12.
-36
Convert 2 (base 4) to base 15.
2
1 (base 5) to base 12
1
Convert -12 (base 16) to base 11.
-17
-100100 (base 2) to base 14
-28
-433 (base 5) to base 2
-1110110
What is 22 (base 4) in base 8?
12
-9b (base 16) to base 9
-182
Convert 0 (base 7) to base 5.
0
Convert -111001 (base 2) to base 15.
-3c
What is 3 (base 14) in base 8?
3
What is 1c (base 14) in base 6?
42
What is -9 (base 13) in base 14?
-9
What is -102002 (base 3) in base 13?
-1a0
-10011 (base 2) to base 5
-34
Convert -1 (base 8) to base 3.
-1
What is -a (base 16) in base 11?
-a
Convert 2 (base 8) to base 7.
2
Convert -e (base 15) to base 14.
-10
-1 (base 14) to base 10
-1
-3 (base 4) to base 10
-3
Convert -4 (base 10) to base 4.
-10
What is 146 (base 11) in base 9?
210
-18 (base 10) to base 8
-22
-1 (base 9) to base 5
-1
-4 (base 6) to base 4
-10
-10000 (base 3) to base 6
-213
Convert -276 (base 10) to base 12.
-1b0
What is 2 (base 6) in base 5?
2
Convert -32 (base 8) to base 3.
-222
What is 15 (base 9) in base 10?
14
-1 (base 3) to base 15
-1
Convert -113 (base 7) to base 15.
-3e
What is -10 (base 5) in base 2?
-101
What is 310 (base 4) in base 11?
48
What is -133 (base 8) in base 6?
-231
Convert -4 (base 15) to base 16.
-4
What is -11 (base 6) in base 5?
-12
What is 0 (base 13) in base 2?
0
101 (base 7) to base 5
200
3 (base 8) to base 10
3
-1 (base 7) to base 15
-1
-20 (base 10) to base 6
-32
Convert 10 (base 14) to base 7.
20
Convert -51 (base 15) to base 6.
-204
Convert 0 (base 14) to base 12.
0
Convert 0 (base 9) to base 12.
0
-22202 (base 3) to base 16
-ec
Convert 121 (base 3) to base 6.
24
1234 (base 5) to base 6
522
11 (base 2) to base 11
3
What is -6 (base 14) in base 13?
-6
-4 (base 9) to base 10
-4
-34 (base 9) to base 11
-29
Convert -47 (base 15) to base 14.
-4b
What is -120 (base 9) in base 11?
-90
0 (base 16) to base 15
0
Convert -9a (base 13) to base 5.
-1002
-1 (base 15) to base 14
-1
What is -1112 (base 3) in base 14?
-2d
Convert 4 (base 15) to base 5.
4
What is b (base 14) in base 8?
13
What is -b (base 13) in base 16?
-b
Convert 2200 (base 3) to base 5.
242
What is -39 (base 16) in base 4?
-321
11 (base 5) to base 2
110
What is -30 (base 6) in base 5?
-33
Convert 2 (base 7) to base 6.
2
13 (base 4) to base 16
7
-3 (base 8) to base 3
-10
What is 15 (base 13) in base 7?
24
c (base 15) to base 5
22
Convert 345 (base 6) to base 3.
12002
What is 111100 (base 2) in base 12?
50
Convert -2 (base 7) to base 2.
-10
What is -7 (base 12) in base 14?
-7
What is 1 (base 4) in base 9?
1
-11 (base 2) to base 7
-3
Convert 3 (base 14) to base 8.
3
What is -23 (base 12) in base 3?
-1000
Convert 134 (base 5) to base 9.
48
Convert 1 (base 10) to base 11.
1
12121 (base 4) to base 2
110011001
What is 42 (base 9) in base 15?
28
What is -2 (base 11) in base 9?
-2
Convert 4 (base 7) to base 12.
4
-8 (base 11) to base 6
-12
What is 1021 (base 4) in base 12?
61
4 (base 11) to base 9
4
-22 (base 14) to base 13
-24
c (base 14) to base 2
1100
Convert 72 (base 12) to base 16.
56
Convert -150 (base 12) to base 14.
-108
-3b (base 16) to base 12
-4b
Convert 21 (base 6) to base 4.
31
What is 39 (base 16) in base 2?
111001
-57 (base 15) to base 3
-10001
What is -32 (base 5) in base 9?
-18
What is 13 (base 14) in base 13?
14
Convert -4 (base 7) to base 5.
-4
-ca (base 15) to base 8
-276
-1110 (base 2) to base 9
-15
-31 (base 16) to base 13
-3a
Convert 15 (base 6) to base 5.
21
What is -16 (base 7) in base 14?
-d
-220 (base 3) to base 5
-44
Convert 43 (base 8) to base 4.
203
What is 0 (base 11) in base 13?
0
Convert 5 (base 6) to base 9.
5
Convert 2 (base 4) to base 7.
2
-1 (base 12) to base 4
-1
31 (base 6) to base 16
13
1 (base 5) to base 6
1
What is -11 (base 2) in base 3?
-10
Convert 5 (base 8) to base 12.
5
Convert -6 (base 8) to base 7.
-6
What is 11 (base 5) in base 4?
12
What is 0 (base 16) in base 4?
0
3 (base 8) to base 9
3
Convert 2 (base 14) to base 15.
2
-11 (base 7) to base 13
-8
11 (base 2) to base 11
3
What is 2a (base 12) in base 2?
100010
What is 546 (base 7) in base 2?
100010111
a (base 12) to base 15
a
What is -101 (base 2) in base 6?
-5
18 (base 9) to base 15
12
Convert -27 (base 14) to base 9.
-38
What is -507 (base 8) in base 11?
-278
Convert -3 (base 4) to base 15.
-3
-2 (base 12) to base 15
-2
Convert 2 (base 5) to base 14.
2
310 (base 6) to base 12
96
What is 0 (base 9) in base 2?
0
What is 17 (base 8) in base 3?
120
Convert -2 (base 9) to base 12.
-2
212 (base 4) to base 6
102
What is 1001000 (base 2) in base 13?
57
-10 (base 6) to base 13
-6
Convert -1 (base 7) to base 16.
-1
What is -4 (base 10) in base 16?
-4
Convert 401 (base 7) to base 16.
c5
What is -21 (base 8) in base 2?
-10001
-11 (base 4) to base 10
-5
Convert 1 (base 4) to base 8.
1
What is -3 (base 6) in base 9?
-3
What is -110 (base 2) in base 8?
-6
What is 6 (base 14) in base 9?
6
Convert 4c (base 16) to base 6.
204
1 (base 9) to base 13
1
6 (base 14) to base 8
6
What is 233 (base 10) in base 6?
1025
-1200 (base 3) to base 9
-50
11011 (base 2) to base 8
33
119 (base 10) to base 13
92
What is -10101 (base 2) in base 12?
-19
What is 4 (base 10) in base 16?
4
10 (base 3) to base 16
3
18 (base 9) to base 13
14
What is 8 (base 13) in base 14?
8
What is -200 (base 3) in base 16?
-12
6 (base 16) to base 11
6
Convert 0 (base 9) to base 6.
0
What is -122 (base 11) in base 7?
-265
-3 (base 16) to base 12
-3
-115 (base 7) to base 12
-51
What is 3 (base 14) in base 11?
3
Convert 11 (base 2) to base 13.
3
344 (base 5) to base 4
1203
Convert 5 (base 13) to base 8.
5
What is 233 (base 7) in base 2?
1111010
What is -158 (base 15) in base 8?
-464
-1101 (base 4) to base 7
-144
What is 2 (base 10) in base 5?
2
Convert -32 (base 12) to base 6.
-102
What is -12 (base 12) in base 10?
-14
Convert -2 (base 6) 